{"id":3711,"date":"2021-04-16T07:47:49","date_gmt":"2021-04-16T07:47:49","guid":{"rendered":"http:\/\/www.multicocinas.es\/multicocinas\/?page_id=3711"},"modified":"2021-04-28T08:52:28","modified_gmt":"2021-04-28T08:52:28","slug":"inspirate","status":"publish","type":"page","link":"https:\/\/multicocinas.es\/index.php\/inspirate\/","title":{"rendered":"Insp\u00edrate"},"content":{"rendered":"<\/div><\/div><\/div><!-- close content main div --><\/div><\/div><div id='av_section_1' class='avia-section main_color avia-section-default avia-no-shadow av-parallax-section av-section-color-overlay-active avia-bg-style-parallax  av-minimum-height av-minimum-height-75 container_wrap sidebar_right'  data-section-bg-repeat='no-repeat' ><div class='av-parallax' data-avia-parallax-ratio='0.3' ><div class='av-parallax-inner main_color  avia-full-stretch' style = 'background-repeat: no-repeat; background-image: url(https:\/\/multicocinas.es\/wp-content\/uploads\/2013\/03\/fondo-marmol.jpg); background-attachment: scroll; background-position: top left; ' ><\/div><\/div><div class='av-section-color-overlay-wrap'><div class='av-section-color-overlay' style='opacity: 0.4; background-color: #000000; '><\/div><div class='container' ><div class='template-page content  av-content-small alpha units'><div class='post-entry post-entry-type-page post-entry-3711'><div class='entry-content-wrapper clearfix'>\n<div class=\"flex_column av_two_third  flex_column_div av-zero-column-padding first  \" style='border-radius:0px; '><div class='avia-gallery avia-gallery-1 deactivate_avia_lazyload avia_animate_when_visible '  itemscope=\"itemscope\" itemtype=\"https:\/\/schema.org\/ImageObject\" ><div class='avia-gallery-thumb'> <a href='https:\/\/multicocinas.es\/wp-content\/uploads\/2013\/03\/multicocinas-1-1030x618.jpg' data-rel='gallery-1' data-prev-img='https:\/\/multicocinas.es\/wp-content\/uploads\/2013\/03\/multicocinas-1-495x400.jpg' class='first_thumb lightbox ' data-onclick='1' title=''  itemprop=\"contentURL\" ><img  src='https:\/\/multicocinas.es\/wp-content\/uploads\/2013\/03\/multicocinas-1-495x400.jpg' width='495' height='400'  title='multicocinas-1' alt='' \/><\/a> <a href='https:\/\/multicocinas.es\/wp-content\/uploads\/2013\/03\/slider-multicocinas-4-1030x813.jpg' data-rel='gallery-1' data-prev-img='https:\/\/multicocinas.es\/wp-content\/uploads\/2013\/03\/slider-multicocinas-4-495x400.jpg' class='lightbox ' data-onclick='2' title=''  itemprop=\"contentURL\" ><img  src='https:\/\/multicocinas.es\/wp-content\/uploads\/2013\/03\/slider-multicocinas-4-495x400.jpg' width='495' height='400'  title='slider-multicocinas-4' alt='' \/><\/a> <a href='https:\/\/multicocinas.es\/wp-content\/uploads\/2013\/03\/slider-multicocinas-3-1030x813.jpg' data-rel='gallery-1' data-prev-img='https:\/\/multicocinas.es\/wp-content\/uploads\/2013\/03\/slider-multicocinas-3-495x400.jpg' class='first_thumb lightbox ' data-onclick='3' title=''  itemprop=\"contentURL\" ><img  src='https:\/\/multicocinas.es\/wp-content\/uploads\/2013\/03\/slider-multicocinas-3-495x400.jpg' width='495' height='400'  title='slider-multicocinas-3' alt='' \/><\/a> <a href='https:\/\/multicocinas.es\/wp-content\/uploads\/2013\/03\/Cocina-3-1030x468.jpg' data-rel='gallery-1' data-prev-img='https:\/\/multicocinas.es\/wp-content\/uploads\/2013\/03\/Cocina-3-495x400.jpg' class='lightbox ' data-onclick='4' title=''  itemprop=\"contentURL\" ><img  src='https:\/\/multicocinas.es\/wp-content\/uploads\/2013\/03\/Cocina-3-495x400.jpg' width='495' height='400'  title='Cocina-3' alt='' \/><\/a> <a href='https:\/\/multicocinas.es\/wp-content\/uploads\/2013\/03\/Cocina-4-1030x466.jpg' data-rel='gallery-1' data-prev-img='https:\/\/multicocinas.es\/wp-content\/uploads\/2013\/03\/Cocina-4-495x400.jpg' class='first_thumb lightbox ' data-onclick='5' title=''  itemprop=\"contentURL\" ><img  src='https:\/\/multicocinas.es\/wp-content\/uploads\/2013\/03\/Cocina-4-495x400.jpg' width='495' height='400'  title='Cocina-4' alt='' \/><\/a> <a href='https:\/\/multicocinas.es\/wp-content\/uploads\/2013\/03\/Cocina-5-1030x467.jpg' data-rel='gallery-1' data-prev-img='https:\/\/multicocinas.es\/wp-content\/uploads\/2013\/03\/Cocina-5-495x400.jpg' class='lightbox ' data-onclick='6' title=''  itemprop=\"contentURL\" ><img  src='https:\/\/multicocinas.es\/wp-content\/uploads\/2013\/03\/Cocina-5-495x400.jpg' width='495' height='400'  title='Cocina-5' alt='' \/><\/a> <a href='https:\/\/multicocinas.es\/wp-content\/uploads\/2013\/03\/multicocinas-acabados-1030x611.jpg' data-rel='gallery-1' data-prev-img='https:\/\/multicocinas.es\/wp-content\/uploads\/2013\/03\/multicocinas-acabados-495x400.jpg' class='first_thumb lightbox ' data-onclick='7' title=''  itemprop=\"contentURL\" ><img  src='https:\/\/multicocinas.es\/wp-content\/uploads\/2013\/03\/multicocinas-acabados-495x400.jpg' width='495' height='400'  title='multicocinas-acabados' alt='' \/><\/a> <a href='https:\/\/multicocinas.es\/wp-content\/uploads\/2013\/03\/multicocinas-1-1-1030x487.jpg' data-rel='gallery-1' data-prev-img='https:\/\/multicocinas.es\/wp-content\/uploads\/2013\/03\/multicocinas-1-1-495x400.jpg' class='lightbox ' data-onclick='8' title=''  itemprop=\"contentURL\" ><img  src='https:\/\/multicocinas.es\/wp-content\/uploads\/2013\/03\/multicocinas-1-1-495x400.jpg' width='495' height='400'  title='multicocinas-1' alt='' \/><\/a><\/div><\/div><\/div><div class=\"flex_column av_one_third  flex_column_div av-zero-column-padding   \" style='border-radius:0px; '><p><div style='padding-bottom:0px;' class='av-special-heading av-special-heading-h1  blockquote modern-quote   av-thin-font'><h1 class='av-special-heading-tag'  itemprop=\"headline\"  ><strong>Cocinas<br \/>\npara<br \/>\nvivirlas.<\/strong><\/h1><div class='special-heading-border'><div class='special-heading-inner-border' ><\/div><\/div><\/div><br \/>\n<div style='padding-bottom:10px;' class='av-special-heading av-special-heading-h3  blockquote modern-quote  '><h3 class='av-special-heading-tag'  itemprop=\"headline\"  >En Multicocinas nos adaptamos a tus gustos y necesidades. Atendiendo a tus necesidades y a las posibilidades del espacio del que vamos a disponer, dise\u00f1amos una cocina que re\u00fana las condiciones para hacer de esa estancia, una de las estancias m\u00e1s acogedoras de la casa.<\/h3><div class='special-heading-border'><div class='special-heading-inner-border' ><\/div><\/div><\/div><\/p><\/div>\n<\/div><\/div><\/div><!-- close content main div --><\/div><\/div><\/div><div id='after_section_1' class='main_color container_wrap sidebar_right'   ><div class='container' ><div class='template-page content  av-content-small alpha units'><div class='post-entry post-entry-type-page post-entry-3711'><div class='entry-content-wrapper clearfix'>\n<\/div><\/div><\/div><!-- close content main div --><\/div><\/div><\/div><div id='av_section_2' class='avia-section main_color avia-section-default avia-no-shadow avia-bg-style-scroll  container_wrap sidebar_right'   ><div class='container' ><div class='template-page content  av-content-small alpha units'><div class='post-entry post-entry-type-page post-entry-3711'><div class='entry-content-wrapper clearfix'>\n<div class=\"flex_column av_one_third  flex_column_div av-zero-column-padding first  \" style='border-radius:0px; '><p><div style=' margin-top:30px; margin-bottom:30px;'  class='hr hr-custom hr-center hr-icon-no '><span class='hr-inner   inner-border-av-border-thin' style=' width:500px; border-color:#ffffff;' ><span class='hr-inner-style'><\/span><\/span><\/div><br \/>\n<div style='padding-bottom:10px;' class='av-special-heading av-special-heading-h2   '><h2 class='av-special-heading-tag'  itemprop=\"headline\"  >Montamos tu cocina en cualquier punto de Espa\u00f1a y Europa.<\/h2><div class='special-heading-border'><div class='special-heading-inner-border' ><\/div><\/div><\/div><br \/>\n<div style='height:20px' class='hr hr-invisible '><span class='hr-inner ' ><span class='hr-inner-style'><\/span><\/span><\/div><br \/>\n<section class=\"av_textblock_section\"  itemscope=\"itemscope\" itemtype=\"https:\/\/schema.org\/CreativeWork\" ><div class='avia_textblock '   itemprop=\"text\" ><p>Ponte en contacto con nosotros sin ning\u00fan compromiso, tenemos lo que estas buscando.<\/p>\n<\/div><\/section><br \/>\n<div style=' margin-top:20px; margin-bottom:30px;'  class='hr hr-custom hr-center hr-icon-no '><span class='hr-inner   inner-border-av-border-thin' style=' width:500px; border-color:#ffffff;' ><span class='hr-inner-style'><\/span><\/span><\/div><\/p><\/div><div class=\"flex_column av_one_third  flex_column_div av-zero-column-padding   \" style='border-radius:0px; '><p><div style=' margin-top:30px; margin-bottom:30px;'  class='hr hr-custom hr-center hr-icon-no '><span class='hr-inner   inner-border-av-border-thin' style=' width:500px; border-color:#ffffff;' ><span class='hr-inner-style'><\/span><\/span><\/div><br \/>\n<div class='avia-icon-list-container '><ul class='avia-icon-list avia-icon-list-left avia_animate_when_almost_visible'>\n<li><div  style='color:#ffffff; ' class='iconlist_icon avia-font-entypo-fontello'><span class='iconlist-char' aria-hidden='true' data-av_icon='\ue842' data-av_iconfont='entypo-fontello'><\/span><\/div><article class=\"article-icon-entry \"  itemscope=\"itemscope\" itemtype=\"https:\/\/schema.org\/CreativeWork\" ><div class='iconlist_content_wrap'><header class=\"entry-content-header\"><h4 class='iconlist_title'  itemprop=\"headline\"   style='color:#ffffff; '>Direcci\u00f3n<\/h4><\/header><div class='iconlist_content av_inherit_color'  itemprop=\"text\"   style='color:#f7f7f7; '><p>Ctra. de Valladolid, 84.<br \/>\nVillares de la Reina.<br \/>\nSALAMANCA<\/p>\n<\/div><\/div><footer class=\"entry-footer\"><\/footer><\/article><div class='iconlist-timeline'><\/div><\/li>\n<li><div  style='color:#ffffff; ' class='iconlist_icon avia-font-entypo-fontello'><span class='iconlist-char' aria-hidden='true' data-av_icon='\ue854' data-av_iconfont='entypo-fontello'><\/span><\/div><article class=\"article-icon-entry \"  itemscope=\"itemscope\" itemtype=\"https:\/\/schema.org\/CreativeWork\" ><div class='iconlist_content_wrap'><header class=\"entry-content-header\"><h4 class='iconlist_title'  itemprop=\"headline\"   style='color:#ffffff; '>Tel\u00e9fono<\/h4><\/header><div class='iconlist_content av_inherit_color'  itemprop=\"text\"   style='color:#f7f7f7; '><p>923 22 67 66<\/p>\n<\/div><\/div><footer class=\"entry-footer\"><\/footer><\/article><div class='iconlist-timeline'><\/div><\/li>\n<li><div  style='color:#ffffff; ' class='iconlist_icon avia-font-entypo-fontello'><span class='iconlist-char' aria-hidden='true' data-av_icon='\ue805' data-av_iconfont='entypo-fontello'><\/span><\/div><article class=\"article-icon-entry \"  itemscope=\"itemscope\" itemtype=\"https:\/\/schema.org\/CreativeWork\" ><div class='iconlist_content_wrap'><header class=\"entry-content-header\"><h4 class='iconlist_title'  itemprop=\"headline\"   style='color:#ffffff; '>E-mail<\/h4><\/header><div class='iconlist_content av_inherit_color'  itemprop=\"text\"   style='color:#f7f7f7; '><p><a href=\"mailto:info@multicocinas.es\">info@multicocinas.es<\/a><\/p>\n<\/div><\/div><footer class=\"entry-footer\"><\/footer><\/article><div class='iconlist-timeline'><\/div><\/li>\n<\/ul><\/div><br \/>\n<div style=' margin-top:-30px; margin-bottom:30px;'  class='hr hr-custom hr-center hr-icon-no '><span class='hr-inner   inner-border-av-border-thin' style=' width:500px; border-color:#ffffff;' ><span class='hr-inner-style'><\/span><\/span><\/div><\/p><\/div><div class=\"flex_column av_one_third  flex_column_div av-zero-column-padding   \" style='border-radius:0px; '><p><div style=' margin-top:30px; margin-bottom:30px;'  class='hr hr-custom hr-center hr-icon-no '><span class='hr-inner   inner-border-av-border-thin' style=' width:500px; border-color:#ffffff;' ><span class='hr-inner-style'><\/span><\/span><\/div><br \/>\n<article class=\"iconbox iconbox_top av-no-box \"  itemscope=\"itemscope\" itemtype=\"https:\/\/schema.org\/CreativeWork\" ><div class=\"iconbox_content\"><header class=\"entry-content-header\"><a href='https:\/\/www.facebook.com\/multicocinassalamanca\/' title='S\u00edguenos en Facebook'  target=\"_blank\"  class=\"iconbox_icon heading-color\" aria-hidden='true' data-av_icon='\ue8f3' data-av_iconfont='entypo-fontello'  style='background-color:#000000; border:1px solid #ffffff; color:#ffffff; ' ><\/a><h3 class='iconbox_content_title'  itemprop=\"headline\"  ><a href='https:\/\/www.facebook.com\/multicocinassalamanca\/' title='S\u00edguenos en Facebook'  target=\"_blank\" >S\u00edguenos en Facebook<\/a><\/h3><\/header><div class='iconbox_content_container '  itemprop=\"text\"  ><\/div><\/div><footer class=\"entry-footer\"><\/footer><\/article><br \/>\n<div style='height:5px' class='hr hr-invisible '><span class='hr-inner ' ><span class='hr-inner-style'><\/span><\/span><\/div><br \/>\n<article class=\"iconbox iconbox_top av-no-box \"  itemscope=\"itemscope\" itemtype=\"https:\/\/schema.org\/CreativeWork\" ><div class=\"iconbox_content\"><header class=\"entry-content-header\"><a href='https:\/\/www.instagram.com\/multicocinassalamanca\/' title='S\u00edguenos en Instagram'  target=\"_blank\"  class=\"iconbox_icon heading-color\" aria-hidden='true' data-av_icon='\ue909' data-av_iconfont='entypo-fontello'  style='background-color:#000000; border:1px solid #ffffff; color:#ffffff; ' ><\/a><h3 class='iconbox_content_title'  itemprop=\"headline\"  ><a href='https:\/\/www.instagram.com\/multicocinassalamanca\/' title='S\u00edguenos en Instagram'  target=\"_blank\" >S\u00edguenos en Instagram<\/a><\/h3><\/header><div class='iconbox_content_container '  itemprop=\"text\"  ><\/div><\/div><footer class=\"entry-footer\"><\/footer><\/article><br \/>\n<div style=' margin-top:10px; margin-bottom:30px;'  class='hr hr-custom hr-center hr-icon-no '><span class='hr-inner   inner-border-av-border-thin' style=' width:500px; border-color:#ffffff;' ><span class='hr-inner-style'><\/span><\/span><\/div><\/p><\/div>\n<\/div><\/div><\/div><!-- close content main div --><\/div><\/div><div id='after_section_2' class='main_color container_wrap sidebar_right'   ><div class='container' ><div class='template-page content  av-content-small alpha units'><div class='post-entry post-entry-type-page post-entry-3711'><div class='entry-content-wrapper clearfix'>\n","protected":false},"excerpt":{"rendered":"","protected":false},"author":1,"featured_media":0,"parent":0,"menu_order":0,"comment_status":"open","ping_status":"closed","template":"","meta":{"footnotes":""},"class_list":["post-3711","page","type-page","status-publish","hentry"],"yoast_head":"<!-- This site is optimized with the Yoast SEO plugin v25.4 - https:\/\/yoast.com\/wordpress\/plugins\/seo\/ -->\n<title>Inicio - Cocinas Salamanca - multicocinas.es<\/title>\n<meta name=\"description\" content=\"Multicocinas Cocinas Salamanca, 48 a\u00f1os a tu servicio, dise\u00f1o, fabricaci\u00f3n y montadores propios. Cont\u00e1ctanos sin ning\u00fan compromiso 923 22 67 66\" \/>\n<meta name=\"robots\" content=\"index, follow, max-snippet:-1, max-image-preview:large, max-video-preview:-1\" \/>\n<link rel=\"canonical\" href=\"https:\/\/multicocinas.es\/index.php\/inspirate\/\" \/>\n<meta property=\"og:locale\" content=\"es_ES\" \/>\n<meta property=\"og:type\" content=\"article\" \/>\n<meta property=\"og:title\" content=\"Inicio - Cocinas Salamanca - multicocinas.es\" \/>\n<meta property=\"og:description\" content=\"Multicocinas Cocinas Salamanca, 48 a\u00f1os a tu servicio, dise\u00f1o, fabricaci\u00f3n y montadores propios. Cont\u00e1ctanos sin ning\u00fan compromiso 923 22 67 66\" \/>\n<meta property=\"og:url\" content=\"https:\/\/multicocinas.es\/index.php\/inspirate\/\" \/>\n<meta property=\"og:site_name\" content=\"multicocinas\" \/>\n<meta property=\"article:modified_time\" content=\"2021-04-28T08:52:28+00:00\" \/>\n<meta name=\"twitter:card\" content=\"summary_large_image\" \/>\n<meta name=\"twitter:label1\" content=\"Tiempo de lectura\" \/>\n\t<meta name=\"twitter:data1\" content=\"6 minutos\" \/>\n<script type=\"application\/ld+json\" class=\"yoast-schema-graph\">{\"@context\":\"https:\/\/schema.org\",\"@graph\":[{\"@type\":\"WebPage\",\"@id\":\"https:\/\/multicocinas.es\/index.php\/inspirate\/\",\"url\":\"https:\/\/multicocinas.es\/index.php\/inspirate\/\",\"name\":\"Inicio - Cocinas Salamanca - multicocinas.es\",\"isPartOf\":{\"@id\":\"https:\/\/multicocinas.es\/#website\"},\"datePublished\":\"2021-04-16T07:47:49+00:00\",\"dateModified\":\"2021-04-28T08:52:28+00:00\",\"description\":\"Multicocinas Cocinas Salamanca, 48 a\u00f1os a tu servicio, dise\u00f1o, fabricaci\u00f3n y montadores propios. Cont\u00e1ctanos sin ning\u00fan compromiso 923 22 67 66\",\"breadcrumb\":{\"@id\":\"https:\/\/multicocinas.es\/index.php\/inspirate\/#breadcrumb\"},\"inLanguage\":\"es\",\"potentialAction\":[{\"@type\":\"ReadAction\",\"target\":[\"https:\/\/multicocinas.es\/index.php\/inspirate\/\"]}]},{\"@type\":\"BreadcrumbList\",\"@id\":\"https:\/\/multicocinas.es\/index.php\/inspirate\/#breadcrumb\",\"itemListElement\":[{\"@type\":\"ListItem\",\"position\":1,\"name\":\"Portada\",\"item\":\"https:\/\/multicocinas.es\/\"},{\"@type\":\"ListItem\",\"position\":2,\"name\":\"Insp\u00edrate\"}]},{\"@type\":\"WebSite\",\"@id\":\"https:\/\/multicocinas.es\/#website\",\"url\":\"https:\/\/multicocinas.es\/\",\"name\":\"multicocinas\",\"description\":\"Otro sitio realizado con WordPress\",\"potentialAction\":[{\"@type\":\"SearchAction\",\"target\":{\"@type\":\"EntryPoint\",\"urlTemplate\":\"https:\/\/multicocinas.es\/?s={search_term_string}\"},\"query-input\":{\"@type\":\"PropertyValueSpecification\",\"valueRequired\":true,\"valueName\":\"search_term_string\"}}],\"inLanguage\":\"es\"}]}<\/script>\n<!-- \/ Yoast SEO plugin. -->","yoast_head_json":{"title":"Inicio - Cocinas Salamanca - multicocinas.es","description":"Multicocinas Cocinas Salamanca, 48 a\u00f1os a tu servicio, dise\u00f1o, fabricaci\u00f3n y montadores propios. Cont\u00e1ctanos sin ning\u00fan compromiso 923 22 67 66","robots":{"index":"index","follow":"follow","max-snippet":"max-snippet:-1","max-image-preview":"max-image-preview:large","max-video-preview":"max-video-preview:-1"},"canonical":"https:\/\/multicocinas.es\/index.php\/inspirate\/","og_locale":"es_ES","og_type":"article","og_title":"Inicio - Cocinas Salamanca - multicocinas.es","og_description":"Multicocinas Cocinas Salamanca, 48 a\u00f1os a tu servicio, dise\u00f1o, fabricaci\u00f3n y montadores propios. Cont\u00e1ctanos sin ning\u00fan compromiso 923 22 67 66","og_url":"https:\/\/multicocinas.es\/index.php\/inspirate\/","og_site_name":"multicocinas","article_modified_time":"2021-04-28T08:52:28+00:00","twitter_card":"summary_large_image","twitter_misc":{"Tiempo de lectura":"6 minutos"},"schema":{"@context":"https:\/\/schema.org","@graph":[{"@type":"WebPage","@id":"https:\/\/multicocinas.es\/index.php\/inspirate\/","url":"https:\/\/multicocinas.es\/index.php\/inspirate\/","name":"Inicio - Cocinas Salamanca - multicocinas.es","isPartOf":{"@id":"https:\/\/multicocinas.es\/#website"},"datePublished":"2021-04-16T07:47:49+00:00","dateModified":"2021-04-28T08:52:28+00:00","description":"Multicocinas Cocinas Salamanca, 48 a\u00f1os a tu servicio, dise\u00f1o, fabricaci\u00f3n y montadores propios. Cont\u00e1ctanos sin ning\u00fan compromiso 923 22 67 66","breadcrumb":{"@id":"https:\/\/multicocinas.es\/index.php\/inspirate\/#breadcrumb"},"inLanguage":"es","potentialAction":[{"@type":"ReadAction","target":["https:\/\/multicocinas.es\/index.php\/inspirate\/"]}]},{"@type":"BreadcrumbList","@id":"https:\/\/multicocinas.es\/index.php\/inspirate\/#breadcrumb","itemListElement":[{"@type":"ListItem","position":1,"name":"Portada","item":"https:\/\/multicocinas.es\/"},{"@type":"ListItem","position":2,"name":"Insp\u00edrate"}]},{"@type":"WebSite","@id":"https:\/\/multicocinas.es\/#website","url":"https:\/\/multicocinas.es\/","name":"multicocinas","description":"Otro sitio realizado con WordPress","potentialAction":[{"@type":"SearchAction","target":{"@type":"EntryPoint","urlTemplate":"https:\/\/multicocinas.es\/?s={search_term_string}"},"query-input":{"@type":"PropertyValueSpecification","valueRequired":true,"valueName":"search_term_string"}}],"inLanguage":"es"}]}},"_links":{"self":[{"href":"https:\/\/multicocinas.es\/index.php\/wp-json\/wp\/v2\/pages\/3711","targetHints":{"allow":["GET"]}}],"collection":[{"href":"https:\/\/multicocinas.es\/index.php\/wp-json\/wp\/v2\/pages"}],"about":[{"href":"https:\/\/multicocinas.es\/index.php\/wp-json\/wp\/v2\/types\/page"}],"author":[{"embeddable":true,"href":"https:\/\/multicocinas.es\/index.php\/wp-json\/wp\/v2\/users\/1"}],"replies":[{"embeddable":true,"href":"https:\/\/multicocinas.es\/index.php\/wp-json\/wp\/v2\/comments?post=3711"}],"version-history":[{"count":0,"href":"https:\/\/multicocinas.es\/index.php\/wp-json\/wp\/v2\/pages\/3711\/revisions"}],"wp:attachment":[{"href":"https:\/\/multicocinas.es\/index.php\/wp-json\/wp\/v2\/media?parent=3711"}],"curies":[{"name":"wp","href":"https:\/\/api.w.org\/{rel}","templated":true}]}}